45ba?
15460b
In base 5, what is -11 - 133024123312?
-133024123323
In base 13, what is -257ba08 + -8?
-257ba13
In base 16, what is -55d2f8 + 2?
-55d2f6
In base 3, what is 1 + -1122020202102210?
-1122020202102202
In base 7, what is 4 + -1263253?
-1263246
In base 7, what is 62015 + -2600?
56115
In base 4, what is -10 + -11030013221?
-11030013231
In base 3, what is -12 - -22220101120022?
22220101120010
In base 16, what is 357afc - 1?
357afb
In base 10, what is -16 + 27621019?
27621003
In base 14, what is -4 + -1dd0a53?
-1dd0a57
In base 16, what is -b2b51b - -7?
-b2b514
In base 10, what is -3163 - -15733?
12570
In base 2, what is -10001100100101101110111101011 + -100?
-10001100100101101110111101111
In base 14, what is 3 - 3a64d0?
-3a64cb
In base 8, what is -7736231 - -4?
-7736225
In base 12, what is a3 + 36851?
36934
In base 5, what is 1012124 - 11110?
1001014
In base 15, what is -3 + -c4dc76d?
-c4dc771
In base 12, what is 675896 + 14?
6758aa
In base 3, what is -121120120 + -121111110?
-1020002000
In base 10, what is -7912675 + -2?
-7912677
In base 16, what is -48 + 300dd?
30095
In base 6, what is -43014150 + -20?
-43014210
In base 12, what is -4 - b1a816?
-b1a81a
In base 5, what is 13140243332233 + 10?
13140243332243
In base 13, what is 1a8 + 10574?
1074c
In base 13, what is 86654 - -87?
8670b
In base 12, what is -2639177a - 4?
-26391782
In base 11, what is 7850523 - 2?
7850521
In base 5, what is 20022140001 + -4?
20022134442
In base 16, what is -777dfe6 - 3?
-777dfe9
In base 15, what is -e7 - -219ca?
218d3
In base 8, what is -125307661 + 5?
-125307654
In base 7, what is 21654104 + 22?
21654126
In base 2, what is 11100101011011 + -11010101110?
11001010101101
In base 8, what is 46743203 + -1?
46743202
In base 10, what is 5 + -1102266?
-1102261
In base 15, what is 35072b - -25?
350751
In base 3, what is 10121210 + -220221120?
-210022210
In base 5, what is -4240320411 - -4?
-4240320402
In base 12, what is -60 - 90533?
-90593
In base 5, what is 10 + 1200124403?
1200124413
In base 9, what is 350 + -18555?
-18205
In base 10, what is -140230 - -12?
-140218
In base 10, what is -11854 - 238?
-12092
In base 3, what is -1101110101 + 12?
-1101110012
In base 11, what is -1185 - 1305?
-248a
In base 5, what is 34342 - -413132?
1003024
In base 12, what is 11764556 - 5?
11764551
In base 5, what is 10 + 120403112303?
120403112313
In base 2, what is 101001101101100 - 1111100?
101001011110000
In base 7, what is -15350556 + 56?
-15350500
In base 9, what is -2074345 - 105?
-2074451
In base 11, what is -199 + 1963007?
1962919
In base 14, what is -1 + 5259aa?
5259a9
In base 15, what is -1524 - 48?
-156c
In base 4, what is 110131011223 + -2331?
110131002232
In base 3, what is 100212 - 20100101102?
-20100000120
In base 7, what is 11 + -66402256?
-66402245
In base 8, what is -3 - -26773261?
26773256
In base 15, what is 34a752c - 1?
34a752b
In base 15, what is -765 + -1b37b?
-1bae1
In base 16, what is -3dee - eb8?
-4ca6
In base 14, what is 1dd6 - 3133?
-113b
In base 15, what is -2697596 - -2a?
-269756b
In base 11, what is -1 + -13663a3a?
-13663a40
In base 14, what is 221323 - -5?
221328
In base 7, what is 4 + -22255631?
-22255624
In base 16, what is -2 + -18b4999?
-18b499b
In base 15, what is -6bea - 2a5?
-6ea0
In base 11, what is 364 + -468235?
-467981
In base 8, what is 15622571 + -24?
15622545
In base 15, what is 3315c - -2bcd?
35d3a
In base 10, what is 78086 + -74?
78012
In base 11, what is -232a + 14050?
11821
In base 10, what is 81762845 + 0?
81762845
In base 8, what is -4070 - -740?
-3130
In base 6, what is 3 - 2435431242?
-2435431235
In base 15, what is -237342 - 38?
-23737a
In base 10, what is -3 + -12133437?
-12133440
In base 8, what is 45325 + -1747?
43356
In base 6, what is -305450211 - 0?
-305450211
In base 3, what is 12 + 101120120122221212?
101120120122222001
In base 5, what is 1122404334 + 0?
1122404334
In base 5, what is 3334 - 31341341?
-31333002
In base 9, what is 5 + -3486140?
-3486134
In base 5, what is -24403140244 - -10?
-24403140234
In base 8, what is 445510747 - 0?
445510747
In base 6, what is -250012 + -234441?
-524453
In base 3, what is 1010000111120121 - 11?
1010000111120110
In base 12, what is -38687a4 + 7?
-3868799
In base 2, what is -11 + -1010001101111011101001110?
-1010001101111011101010001
In base 11, what is 36092a7 - -1?
36092a8
In base 3, what is -12020 + -20102012?
-20121102
In base 14, what is -2d57c9a + 11?
-2d57c89
In base 14, what is -3547 + 312a?
-41b
In base 6, what is -544 + -1000233?
-1001221
In base 4, what is -32032133 - 323202?
-33022001
In base 9, what is -63023225 - 1?
-63023226
In base 11, what is -2 - 7137a9?
-713800
In base 7, what is -46153 - 1631?
-51114
In base 15, what is 20 - -70c56?
70c76
In base 13, what is -691 + 42c84?
425c3
In base 12, what is 163902 + -158?
163766
In base 3, what is 202220210121011 + -102?
202220210120202
In base 4, what is 12213201222 - -11?
12213201233
In base 14, what is -33a + 4a03?
46a7
In base 8, what is 11 - 1042747?
-1042736
In base 15, what is 4b3 + d791?
dc54
In base 3, what is -100121110100111 - -2?
-100121110100102
In base 6, what is -343522 + 320?
-343202
In base 6, what is 5221 - 1333504?
-1324243
In base 7, what is 1140565550 + 12?
1140565562
In base 11, what is 165306 + 31?
165337
In base 5, what is 0 - 2313333410?
-2313333410
In base 9, what is 22405 - 828?
21466
In base 9, what is 13606658 + 3?
13606662
In base 8, what is 4 + 10246742?
10246746
In base 14, what is 6 + -c10130?
-c10128
In base 9, what is 0 - -1753754?
1753754
In base 14, what is -a027 + b59?
-92ac
In base 10, what is -827 - 1744?
-2571
In base 8, what is 0 - 1022417225?
-1022417225
In base 10, what is -21172 + 17322?
-3850
In base 6, what is 301 - -1052222?
1052523
In base 13, what is -a62 - -33568?
32806
In base 7, what is -34254640 - 3?
-34254643
In base 15, what is -438 + dbb9b?
db763
In base 14, what is -1ac0 - -36da?
1a1a
In base 4, what is 1002 + -1032103132?
-1032102130
In base 8, what is 0 + -20364306?
-20364306
In base 9, what is 2644 + -2505?
138
In base 9, what is 1745888 + 156?
1746155
In base 11, what is 4693811 - -7?
4693818
In base 12, what is 9252 + 1ab7?
b149
In base 12, what is 8 - -b1b057?
b1b063
In base 16, what is -7f + -59eec?
-59f6b
In base 7, what is -25230660 + -33?
-25231023
In base 4, what is 10 + -333111033000?
-333111032330
In base 6, what is -135120 - 3125?
-142245
In base 8, what is -1055735 - 16?
-1055753
In base 2, what is -11100101000110010110001 - -101?
-11100101000110010101100
In base 3, what is 10 - 21112121121202021?
-21112121121202011
In base 7, what is 353263 - -4106?
360402
In base 15, what is -4460736 - -8?
-446072d
In base 14, what is 1d - -9c1d4?
9c213
In base 16, what is -6 - -325233?
32522d
In base 3, what is -11102022021 + -12000?
-11102111021
In base 9, what is -24156 - 4048?
-28215
In base 11, what is -3 - 698431a7?
-698431aa
In base 5, what is -204 + 1012233133?
1012232424
In base 11, what is -50a - -6424?
5a15
In base 4, what is 2012211 + -201?
2012010
In base 15, what is -17624 + 20b9?
-1555a
In base 13, what is 82b6a81 - 3?
82b6a7b
In base 15, what is 39b + 1e7?
593
In base 10, what is 198582496 + 1?
198582497
In base 13, what is -744c - 544?
-7993
In base 14, what is 5 + 20b9635?
20b963a
In base 15, what is 2c2c5 + -65?
2c260
In base 5, what is 41140213421 + -10?
41140213411
In base 4, what is 23003001 - 2032?
23000303
In base 12, what is -306bb7 + 1?
-306bb6
In base 7, what is 330 - 6364552?
-6364222
In base 12, what is -3 - -263b752?
263b74b
In base 14, what is 9 - -2b88780?
2b88789
In base 3, what is -22202 - -21122011212?
21121212010
In base 13, what is -3 + 3697077?
3697074
In base 5, what is -33321203 - -24?
-33321124
In base 3, what is -112010002 + 101012?
-111201220
In base 12, what is 2b87 + -12b2?
1895
In base 16, what is 7d - -4bff8b?
4c0008
In base 6, what is 14240 - 210240?
-152000
In base 12, what is 88b7a97 - -23?
88b7aba
In base 16, what is -ab234 + c?
-ab228
In base 12, what is -28 + 1173285?
1173259
In base 11, what is 28648 + -1573?
27085
In base 8, what is -20047 + -26172?
-46241
In base 5, what is -21040300443 - -2?
-21040300441
In base 2, what is -10001 - 10010101110111000000001?
-10010101110111000010010
In base 15, what is 16c3ab 